{"id":58,"date":"2026-05-11T16:26:28","date_gmt":"2026-05-11T16:26:28","guid":{"rendered":"https:\/\/comprateloenlinea.com\/site\/?post_type=product&#038;p=58"},"modified":"2026-05-11T16:26:29","modified_gmt":"2026-05-11T16:26:29","slug":"acer-aspire-3-laptop-tactil-ips-full-hd-de-15-6-pulgadas-amd-ryzen-5-7520u-16-gb-lpddr5-256-gb-nvme-ssd-wi-fi-6-windows-11-home-perfecto-para-estudiantes-y-oficina-en-casa-color-plateado","status":"publish","type":"product","link":"https:\/\/comprateloenlinea.com\/site\/producto\/acer-aspire-3-laptop-tactil-ips-full-hd-de-15-6-pulgadas-amd-ryzen-5-7520u-16-gb-lpddr5-256-gb-nvme-ssd-wi-fi-6-windows-11-home-perfecto-para-estudiantes-y-oficina-en-casa-color-plateado\/","title":{"rendered":"Acer Aspire 3 &#8211; Laptop t\u00e1ctil IPS Full HD de 15.6 pulgadas, AMD Ryzen 5 7520U, 16 GB LPDDR5, 256 GB NVMe SSD, Wi-Fi 6, Windows 11 Home, perfecto para estudiantes y oficina en casa, color plateado"},"content":{"rendered":"<h2 class=\"a-size-base-plus a-text-bold\">Sobre este art\u00edculo<\/h2>\n<ul class=\"a-unordered-list a-vertical a-spacing-mini\">\n<li class=\"a-spacing-mini\"><span class=\"a-list-item\">Interacci\u00f3n t\u00e1ctil sin esfuerzo: con una pantalla t\u00e1ctil IPS Full HD de 15.6 pulgadas, este port\u00e1til te permite navegar por aplicaciones y hacer zoom a trav\u00e9s de documentos con un control intuitivo de la yema de los dedos. Perfecto para estudiantes que toman notas o creativos navegando por contenido visual sin necesidad de un mouse.<\/span><\/li>\n<li class=\"a-spacing-mini\"><span class=\"a-list-item\">Alimentado por la serie RYZEN 5 7000: equipado con el procesador AMD Ryzen 5 7250U, di adi\u00f3s al retraso durante la multitarea. Ya sea que est\u00e9 asistiendo a reuniones de Zoom, transmitiendo videos 4K o administrando hojas masivas de Excel, experimente un rendimiento fluido en todo momento.<\/span><\/li>\n<li class=\"a-spacing-mini\"><span class=\"a-list-item\">Mantente conectado en cualquier lugar: cuenta con Wi-Fi 6 ultrarr\u00e1pido para llamadas de zoom y transmisi\u00f3n sin retrasos. Alojado en un chasis plateado elegante y ligero, se desliza f\u00e1cilmente en tu mochila para una productividad en movimiento.<\/span><\/li>\n<li class=\"a-spacing-mini\"><span class=\"a-list-item\">Amplio almacenamiento SSD NVME de 256 GB: deja de preocuparte por quedarte sin espacio. Arranca Windows 11 Home en segundos y almacena de forma segura todas tus tareas escolares masivas, fotos familiares y videos al instante.<\/span><\/li>\n<li class=\"a-spacing-mini\"><span class=\"a-list-item\">Bater\u00eda y fiabilidad durante todo el d\u00eda: dise\u00f1ado para un uso diario prolongado sin buscar constantemente enchufes de pared. Incluye el adaptador de corriente original. Es el conductor diario confiable definitivo para el trabajo, el estudio y el entretenimiento.<\/span><\/li>\n<\/ul>\n","protected":false},"excerpt":{"rendered":"<p>Sobre este art\u00edculo Interacci\u00f3n t\u00e1ctil sin esfuerzo: con una pantalla t\u00e1ctil IPS Full HD de 15.6 pulgadas, este port\u00e1til te [&hellip;]<\/p>\n","protected":false},"featured_media":61,"comment_status":"open","ping_status":"closed","template":"","meta":{"site-sidebar-layout":"default","site-content-layout":"","ast-site-content-layout":"default","site-content-style":"default","site-sidebar-style":"default","ast-global-header-display":"","ast-banner-title-visibility":"","ast-main-header-display":"","ast-hfb-above-header-display":"","ast-hfb-below-header-display":"","ast-hfb-mobile-header-display":"","site-post-title":"","ast-breadcrumbs-content":"","ast-featured-img":"","footer-sml-layout":"","ast-disable-related-posts":"","theme-transparent-header-meta":"default","adv-header-id-meta":"","stick-header-meta":"","header-above-stick-meta":"","header-main-stick-meta":"","header-below-stick-meta":"","astra-migrate-meta-layouts":"set","ast-page-background-enabled":"default","ast-page-background-meta":{"desktop":{"background-color":"var(--ast-global-color-5)","background-image":"","background-repeat":"repeat","background-position":"center center","background-size":"auto","background-attachment":"scroll","background-type":"","background-media":"","overlay-type":"","overlay-color":"","overlay-opacity":"","overlay-gradient":""},"tablet":{"background-color":"","background-image":"","background-repeat":"repeat","background-position":"center center","background-size":"auto","background-attachment":"scroll","background-type":"","background-media":"","overlay-type":"","overlay-color":"","overlay-opacity":"","overlay-gradient":""},"mobile":{"background-color":"","background-image":"","background-repeat":"repeat","background-position":"center center","background-size":"auto","background-attachment":"scroll","background-type":"","background-media":"","overlay-type":"","overlay-color":"","overlay-opacity":"","overlay-gradient":""}},"ast-content-background-meta":{"desktop":{"background-color":"var(--ast-global-color-4)","background-image":"","background-repeat":"repeat","background-position":"center center","background-size":"auto","background-attachment":"scroll","background-type":"","background-media":"","overlay-type":"","overlay-color":"","overlay-opacity":"","overlay-gradient":""},"tablet":{"background-color":"var(--ast-global-color-4)","background-image":"","background-repeat":"repeat","background-position":"center center","background-size":"auto","background-attachment":"scroll","background-type":"","background-media":"","overlay-type":"","overlay-color":"","overlay-opacity":"","overlay-gradient":""},"mobile":{"background-color":"var(--ast-global-color-4)","background-image":"","background-repeat":"repeat","background-position":"center center","background-size":"auto","background-attachment":"scroll","background-type":"","background-media":"","overlay-type":"","overlay-color":"","overlay-opacity":"","overlay-gradient":""}}},"product_brand":[],"product_cat":[15],"product_tag":[],"class_list":{"0":"post-58","1":"product","2":"type-product","3":"status-publish","4":"has-post-thumbnail","6":"product_cat-sin-categorizar","7":"desktop-align-left","8":"tablet-align-left","9":"mobile-align-left","11":"first","12":"instock","13":"sale","14":"shipping-taxable","15":"product-type-external"},"_links":{"self":[{"href":"https:\/\/comprateloenlinea.com\/site\/wp-json\/wp\/v2\/product\/58","targetHints":{"allow":["GET"]}}],"collection":[{"href":"https:\/\/comprateloenlinea.com\/site\/wp-json\/wp\/v2\/product"}],"about":[{"href":"https:\/\/comprateloenlinea.com\/site\/wp-json\/wp\/v2\/types\/product"}],"replies":[{"embeddable":true,"href":"https:\/\/comprateloenlinea.com\/site\/wp-json\/wp\/v2\/comments?post=58"}],"wp:featuredmedia":[{"embeddable":true,"href":"https:\/\/comprateloenlinea.com\/site\/wp-json\/wp\/v2\/media\/61"}],"wp:attachment":[{"href":"https:\/\/comprateloenlinea.com\/site\/wp-json\/wp\/v2\/media?parent=58"}],"wp:term":[{"taxonomy":"product_brand","embeddable":true,"href":"https:\/\/comprateloenlinea.com\/site\/wp-json\/wp\/v2\/product_brand?post=58"},{"taxonomy":"product_cat","embeddable":true,"href":"https:\/\/comprateloenlinea.com\/site\/wp-json\/wp\/v2\/product_cat?post=58"},{"taxonomy":"product_tag","embeddable":true,"href":"https:\/\/comprateloenlinea.com\/site\/wp-json\/wp\/v2\/product_tag?post=58"}],"curies":[{"name":"wp","href":"https:\/\/api.w.org\/{rel}","templated":true}]}}