{"id":35,"date":"2026-05-11T03:33:47","date_gmt":"2026-05-11T03:33:47","guid":{"rendered":"https:\/\/comprateloenlinea.com\/site\/?post_type=product&#038;p=35"},"modified":"2026-05-11T03:33:48","modified_gmt":"2026-05-11T03:33:48","slug":"thinkpad-e16-gen-1-computadora-portatil-empresarial-fhd-de-16-pulgadas-intel-10-core-i5-1335u-beat-i7-1255u-16-gb-de-ram-ssd-de-512-gb-lector-de-hu","status":"publish","type":"product","link":"https:\/\/comprateloenlinea.com\/site\/producto\/thinkpad-e16-gen-1-computadora-portatil-empresarial-fhd-de-16-pulgadas-intel-10-core-i5-1335u-beat-i7-1255u-16-gb-de-ram-ssd-de-512-gb-lector-de-hu\/","title":{"rendered":"ThinkPad E16 Gen 1 \u2022 Computadora port\u00e1til empresarial FHD+ de 16 pulgadas \u2022 Intel 10-Core i5-1335U (Beat i7-1255U) \u2022 16 GB de RAM \u2022 SSD de 512 GB \u2022 Lector de huellas dactilares \u2022 Teclado"},"content":{"rendered":"<h2 class=\"a-size-base-plus a-text-bold\">Sobre este art\u00edculo<\/h2>\n<ul class=\"a-unordered-list a-vertical a-spacing-mini\">\n<li class=\"a-spacing-mini\"><span class=\"a-list-item\">Experimenta una multitarea perfecta con 16 GB de RAM en esta computadora port\u00e1til Lenovo ThinkPad. Almacena archivos r\u00e1pidamente con el SSD de 512 GB, asegurando tiempos de arranque r\u00e1pidos y carga de aplicaciones.<\/span><\/li>\n<li class=\"a-spacing-mini\"><span class=\"a-list-item\">El procesador Intel Core i5 ofrece un rendimiento r\u00e1pido para tareas exigentes en este port\u00e1til.<\/span><\/li>\n<li class=\"a-spacing-mini\"><span class=\"a-list-item\">Disfruta de im\u00e1genes n\u00edtidas en la pantalla WUXGA de 16 pulgadas, perfecta para trabajos detallados y entretenimiento.<\/span><\/li>\n<li class=\"a-spacing-mini\"><span class=\"a-list-item\">Mantente productivo sobre la marcha con el dise\u00f1o ligero de este Lenovo ThinkPad E16 Gen 1.<\/span><\/li>\n<li class=\"a-spacing-mini\"><span class=\"a-list-item\">Windows 11 Pro ofrece funciones avanzadas para empresas, mejorando la seguridad y la gesti\u00f3n.<\/span><\/li>\n<\/ul>\n","protected":false},"excerpt":{"rendered":"<p>Sobre este art\u00edculo Experimenta una multitarea perfecta con 16 GB de RAM en esta computadora port\u00e1til Lenovo ThinkPad. Almacena archivos [&hellip;]<\/p>\n","protected":false},"featured_media":38,"comment_status":"open","ping_status":"closed","template":"","meta":{"site-sidebar-layout":"default","site-content-layout":"","ast-site-content-layout":"default","site-content-style":"default","site-sidebar-style":"default","ast-global-header-display":"","ast-banner-title-visibility":"","ast-main-header-display":"","ast-hfb-above-header-display":"","ast-hfb-below-header-display":"","ast-hfb-mobile-header-display":"","site-post-title":"","ast-breadcrumbs-content":"","ast-featured-img":"","footer-sml-layout":"","ast-disable-related-posts":"","theme-transparent-header-meta":"default","adv-header-id-meta":"","stick-header-meta":"","header-above-stick-meta":"","header-main-stick-meta":"","header-below-stick-meta":"","astra-migrate-meta-layouts":"set","ast-page-background-enabled":"default","ast-page-background-meta":{"desktop":{"background-color":"var(--ast-global-color-5)","background-image":"","background-repeat":"repeat","background-position":"center center","background-size":"auto","background-attachment":"scroll","background-type":"","background-media":"","overlay-type":"","overlay-color":"","overlay-opacity":"","overlay-gradient":""},"tablet":{"background-color":"","background-image":"","background-repeat":"repeat","background-position":"center center","background-size":"auto","background-attachment":"scroll","background-type":"","background-media":"","overlay-type":"","overlay-color":"","overlay-opacity":"","overlay-gradient":""},"mobile":{"background-color":"","background-image":"","background-repeat":"repeat","background-position":"center center","background-size":"auto","background-attachment":"scroll","background-type":"","background-media":"","overlay-type":"","overlay-color":"","overlay-opacity":"","overlay-gradient":""}},"ast-content-background-meta":{"desktop":{"background-color":"var(--ast-global-color-4)","background-image":"","background-repeat":"repeat","background-position":"center center","background-size":"auto","background-attachment":"scroll","background-type":"","background-media":"","overlay-type":"","overlay-color":"","overlay-opacity":"","overlay-gradient":""},"tablet":{"background-color":"var(--ast-global-color-4)","background-image":"","background-repeat":"repeat","background-position":"center center","background-size":"auto","background-attachment":"scroll","background-type":"","background-media":"","overlay-type":"","overlay-color":"","overlay-opacity":"","overlay-gradient":""},"mobile":{"background-color":"var(--ast-global-color-4)","background-image":"","background-repeat":"repeat","background-position":"center center","background-size":"auto","background-attachment":"scroll","background-type":"","background-media":"","overlay-type":"","overlay-color":"","overlay-opacity":"","overlay-gradient":""}}},"product_brand":[],"product_cat":[15],"product_tag":[],"class_list":{"0":"post-35","1":"product","2":"type-product","3":"status-publish","4":"has-post-thumbnail","6":"product_cat-sin-categorizar","7":"desktop-align-left","8":"tablet-align-left","9":"mobile-align-left","11":"first","12":"instock","13":"shipping-taxable","14":"product-type-external"},"_links":{"self":[{"href":"https:\/\/comprateloenlinea.com\/site\/wp-json\/wp\/v2\/product\/35","targetHints":{"allow":["GET"]}}],"collection":[{"href":"https:\/\/comprateloenlinea.com\/site\/wp-json\/wp\/v2\/product"}],"about":[{"href":"https:\/\/comprateloenlinea.com\/site\/wp-json\/wp\/v2\/types\/product"}],"replies":[{"embeddable":true,"href":"https:\/\/comprateloenlinea.com\/site\/wp-json\/wp\/v2\/comments?post=35"}],"wp:featuredmedia":[{"embeddable":true,"href":"https:\/\/comprateloenlinea.com\/site\/wp-json\/wp\/v2\/media\/38"}],"wp:attachment":[{"href":"https:\/\/comprateloenlinea.com\/site\/wp-json\/wp\/v2\/media?parent=35"}],"wp:term":[{"taxonomy":"product_brand","embeddable":true,"href":"https:\/\/comprateloenlinea.com\/site\/wp-json\/wp\/v2\/product_brand?post=35"},{"taxonomy":"product_cat","embeddable":true,"href":"https:\/\/comprateloenlinea.com\/site\/wp-json\/wp\/v2\/product_cat?post=35"},{"taxonomy":"product_tag","embeddable":true,"href":"https:\/\/comprateloenlinea.com\/site\/wp-json\/wp\/v2\/product_tag?post=35"}],"curies":[{"name":"wp","href":"https:\/\/api.w.org\/{rel}","templated":true}]}}